- 2, j*z = -6. Calculate the remainder when 4 is divided by x.
0
Suppose 0 = 4*u - 82 + 14. Suppose 0 = q + 2*q - 24. Let d = 40 - q. Calculate the remainder when d is divided by u.
15
Let i = -6 - -28. Calculate the remainder when 85 is divided by i.
19
What is the remainder when 22 is divided by (0/3)/(-3) + 12?
10
Suppose -78*x = -73*x - 90. Calculate the remainder when 34 is divided by x.
16
Calculate the remainder when 1185/18 - 3/(-18) is divided by 17.
15
Suppose 3*n = -4*o - 3, 0 = 5*o - 0*o + 5*n + 10. Let r = -1 + o. Calculate the remainder when 2 is divided by r.
0
Let u(y) = y**3 + y**2 - 3*y + 2. Suppose 2*b - 1 - 3 = 0. Calculate the remainder when u(b) is divided by 5.
3
Let a = -110 + 117. Calculate the remainder when 21 is divided by a.
0
Suppose 11 + 4 = 5*c. Suppose 0 = u - c*u + 8. Calculate the remainder when 6 is divided by u.
2
Let g = -182 + 216. What is the remainder when g is divided by 9?
7
Let x be 18/(-4)*8/(-3). Suppose -16*p + x*p = -56. Calculate the remainder when 54 is divided by p.
12
Let g(o) = 8*o - 91. Suppose z - 31 = -0*z. Calculate the remainder when g(19) is divided by z.
30
Let h(j) = -j**3 - 7*j**2 - 7*j - 4. Suppose -9 - 3 = -3*l. What is the remainder when l is divided by h(-6)?
0
Let d(u) = -u**2 - 6*u - 4. Let g be d(-4). What is the remainder when (-1)/2*(0 + -60) is divided by 1 + 0 + g + 11?
14
Suppose -4*t - q = -8 - 1, 5*t + 10 = 3*q. Suppose -3*g = 4*o - t, -5*g = -0*o + o + 21. Calculate the remainder when 6 is divided by o.
2
Let j(r) = r - 2. Let v(o) = 15*o**2. Let s be v(-1). Let l = s - 7. What is the remainder when l is divided by j(5)?
2
Suppose -2*d = -2*b + 1 + 9, 2*b = -5*d - 18. Calculate the remainder when b is divided by ((-1)/3)/(4/(-12)).
0
Suppose 0 = -5*g + 33 + 17. Calculate the remainder when -1 - 4/(-2) - -17 is divided by g.
8
Let o = 50 - -39. Calculate the remainder when o is divided by 30.
29
Let q be (10/(-4))/((-1)/2). Suppose q + 13 = 2*a. What is the remainder when 35 is divided by a?
8
Suppose -2*q = -10, -2*y + 3*q = -49 - 16. What is the remainder when 78 is divided by y?
38
Let p(n) = n**2 + n + 23. Calculate the remainder when 45 is divided by p(0).
22
Let b(a) = -11*a - 69. Calculate the remainder when 206 is divided by b(-8).
16
What is the remainder when 33 is divided by (3 + -4 + 13)*1?
9
Let l(w) be the second derivative of 0 + 3*w + 1/2*w**3 + w**2. What is the remainder when 39 is divided by l(6)?
19
Suppose -3*p + 42 + 9 = 0. Let m = -31 + 61. Calculate the remainder when m is divided by p.
13
Let v(n) = 3*n**3 - 2*n**2 + n. What is the remainder when v(1) is divided by 2?
0
Suppose -3*h + 39 = z, 2*z - 1 - 42 = h. Calculate the remainder when z is divided by 9.
6
Let x = 30 + -18. Calculate the remainder when 45 is divided by x.
9
Let f(c) = -15*c - 25. What is the remainder when f(-12) is divided by 26?
25
Let n = 37 + -17. What is the remainder when 58 is divided by n?
18
Let u = -22 + 30. Calculate the remainder when u is divided by 5.
3
Suppose 19 + 21 = p. Let z = -12 + p. Calculate the remainder when z is divided by 10.
8
Let i(d) be the first derivative of 0*d - 7/3*d**3 + 9/2*d**2 + 1/4*d**4 - 2. Calculate the remainder when 35 is divided by i(6).
17
Let t(r) = -r**2 - r + 18. Let y be 12/18*78/4. Suppose -4*z + 107 = 5*v, 0 = z + 4*v - 0*v - y. What is the remainder when z is divided by t(0)?
15
Let m = -9 + 9. Let a(b) = 6 - 2*b + b + 11. What is the remainder when a(m) is divided by 6?
5
Suppose k = 2 - 6, -s = k. Let x = -2 - -2. Suppose x = -q - 2 + 5. Calculate the remainder when s is divided by q.
1
Let c(n) = -4*n - 4. Let k(v) = -v**2 + 6*v + 10. Calculate the remainder when c(-3) is divided by k(7).
2
Suppose 4*p = 5*y - 54, -y + 4*p = y - 24. Calculate the remainder when 18 is divided by y.
8
Calculate the remainder when 17 - -95 - 1*4 is divided by 28.
24
Suppose -s = -4*r + 30, -4*r + 5*s = -9 - 29. Suppose 4*f - r = 1. Suppose 0 = -2*d - f, -3*i - i - 3*d = -185. Calculate the remainder when i is divided by 16.
15
Suppose 80 = -b + 5*b. Suppose 4*x + 0 - b = 0. Calculate the remainder when 8 is divided by x.
3
Suppose -419 = -21*h - 41. What is the remainder when 53 is divided by h?
17
Suppose -4*b - 3*r - 252 = 0, 2*r + r - 252 = 4*b. Calculate the remainder when 40 is divided by (-1 + 2)/((-3)/b).
19
Suppose 182 = 2*d + 12. What is the remainder when d is divided by 18?
13
Let b be (-388)/12 - 2/(-6). Let j be 456/b - (-2)/8. Let m = j + 26. Calculate the remainder when 34 is divided by m.
10
Suppose 4*n + 32 + 64 = 5*o, -n = 4*o - 81. What is the remainder when 75 is divided by o?
15
Suppose -b = -4*x + 13, -x = -b + 1 + 1. Calculate the remainder when 41 is divided by b.
6
Let v(s) = -s**2 + 12*s - 14. Let q(a) = -2*a - 4. Let o be q(-7). Suppose -l + 10 = -7. Calculate the remainder when l is divided by v(o).
5
Let o = 1 + 8. Let k be -3*6/o + 5. Calculate the remainder when 25 is divided by k/2*130/15.
12
Suppose 20 - 5 = 3*x. Suppose 4*g = -b + 30 + 53, x*g - 299 = -4*b. Suppose 4*d = -11 + b. What is the remainder when 29 is divided by d?
14
Suppose -5*f - 10 = -q + 8, q = 4*f + 15. Suppose 2*t - 11 = q*m - 110, -3*t + 79 = 2*m. What is the remainder when m is divided by 1/((-6)/(-90)) - -3?
17
Suppose -w + 13 - 2 = 0. What is the remainder when 109 is divided by w?
10
Suppose 5*u = 6*u - 9. What is the remainder when 33 is divided by u?
6
Let z(j) = -4*j + 6. What is the remainder when 53 is divided by z(-3)?
17
Suppose 3*h + 10 = -2*h, -5*s - 3*h - 141 = 0. Let y = -15 - s. Calculate the remainder when 22 is divided by y.
10
Suppose -5*a + 104 = -1. Suppose 7 - a = -2*c. What is the remainder when 12 is divided by c?
5
Suppose 2*h = -2*r + 48, -5*h = -3*r - 0*h + 80. Calculate the remainder when r is divided by 7.
4
Let d = -104 + 131. Let x(p) = 2*p**2 + 3*p - 2. Calculate the remainder when d is divided by x(-3).
6
Let q be (-294)/36 - (-1)/6. Let h = 16 + q. Calculate the remainder when 29 is divided by h.
5
Let v = 16 + 42. Calculate the remainder when v is divided by 10.
8
Let y(j) = 2*j**3 - j**2 + 2*j - 4. What is the remainder when y(3) is divided by 16?
15
Let z = -9 - -12. Suppose 3*o - t = 333, 3*t + 111 = -z*o + 4*o. What is the remainder when o is divided by 28?
27
Let u be -3*(-3 + 16/12). Let b(t) = 4*t + 4. What is the remainder when b(u) is divided by 13?
11
Let u(d) be the first derivative of d**4/4 + 8*d**3/3 - 11*d**2/2 + 7*d + 5. Let o(m) = 12*m**2. What is the remainder when o(-2) is divided by u(-9)?
23
Let w(o) = o**2 + 18*o + 6. What is the remainder when w(-19) is divided by 0 + 18/(-4)*-2?
7
Let g(p) = -p**3 + 4*p**2 - p + 2. Let s be g(5). What is the remainder when ((-36)/21)/(2/s) is divided by 13?
11
Let r(i) = 3*i. Let j = 6 - 8. Let l be r(j). Calculate the remainder when 16 is divided by (-68)/(-12) - 2/l.
4
Let j(r) = 4*r - 1. Let m be j(1). Suppose 0 = m*i + 34 - 109. Suppose 3*a - 21 = 3*y, 48 + 7 = 5*a + 5*y. What is the remainder when i is divided by a?
7
Let a(k) = 5*k - 4. Calculate the remainder when a(3) is divided by 4.
3
Let f be (-1 + (-5)/(-1))*12. Let y = f + 6. What is the remainder when y is divided by 3/((-18)/38)*-3?
16
Let c(o) = o**3 - 8*o**2 - 4*o + 14. Let j be c(7). Calculate the remainder when (-3951)/j - 4/(-14) is divided by 22.
19
Let k = 22 + -15. Suppose -4*x - 3*d = -59, d + k + 13 = x. Calculate the remainder when 33 is divided by x.
16
Let y(f) = f**3 - f**2 - f + 2. Suppose -5*j - 3*h + 8 = -h, -5 = 5*h. Let s(q) = 8*q**3 - 2*q + 1. Calculate the remainder when s(1) is divided by y(j).
3
Let z = -35 - -94. Calculate the remainder when z is divided by 30.
29
Calculate the remainder when 19 is divided by (15 + -11)*-1*(-6)/8.
1
Calculate the remainder when 191 is divided by (-579)/(-18) + (-9)/54.
31
Let w(j) = 9*j - 7. Let d(s) = 30*s - 2. What is the remainder when d(2) is divided by w(3)?
18
Let i be (-87)/27 - 2/(-9). Calculate the remainder when 6 is divided by i*((-15)/(-9))/(-1).
1
Suppose 2*d + 8 + 14 = 0. Let l = 1 - d. Calculate the remainder when 23 is divided by l.
11
Suppose -3*q = 2*q - 120. What is the remainder when q is divided by 13?
11
Let p(l) = 12*l**2 - 5*l + 4. What is the remainder when p(2) is divided by 15?
12
Let n(f) = -